/(-57). Let j = -5 - a. Let z(n) = -n**2 + 3*n - 2. Determine z(j).
0
Let w(p) = 3*p**2 + 2*p + 1. Let j be w(-1). Let x(g) = -4*g + 3*g + 3 + g**2 - 2*g**j. Let r(s) = -25*s**3 + 6625*s**2 - 2*s + 530. Let l be r(265). Give x(l).
3
Let p be (-12)/7*301/(-2). Let h be (-7 + p/42)*28/(-6). Suppose -2*t - 3*r - h = -2*r, -8 = 4*t - 2*r. Let o(n) = n - 2. What is o(t)?
-4
Let j(v) = v**2 + 3*v - 5. Let b(s) = s**3 + 3*s**2 + 4*s + 3. Let o be b(-3). Let w = o + 17. Suppose w*q = 3*q - 25. Give j(q).
5
Let k(q) = -9*q - 1. Let o be ((-42)/35)/(44/50 + -1). Give k(o).
-91
Suppose 177*c + 23 + 5 = 175*c. Let o(f) = -f**3 - 15*f**2 - 12*f + 44. Calculate o(c).
16
Let v(m) = 2*m**3 - 4*m**2 + 2*m - 9. Let y be (-1 - -2)/((-15)/(-45)). Give v(y).
15
Let d(n) = -n**2 - 36*n + 20. Let c = -1567 - -1531. Determine d(c).
20
Let t(h) = 2 - 16*h**3 + 14*h**3 - 159260*h**2 + 159259*h**2. Give t(-2).
14
Suppose 610*i + 94*i + 663 = -2153. Let d(k) = 37*k**2 - 33*k**2 - 2*k + k**3 + 0 - 6. What is d(i)?
2
Let s(y) = -4*y - 15. Let v(l) = 7*l - 10. Let i(p) = -p + 2. Let h(d) = -6*i(d) - v(d). Let x(b) = 6*h(b) - s(b). Determine x(6).
-9
Let z(l) = -23*l - 1. Let v(f) be the second derivative of -19*f**3/6 - f**2/2 - 155*f. Let r(k) = 6*v(k) - 5*z(k). Calculate r(-8).
-9
Let h(g) = g**2 + g + 2. Let m(n) = 1. Let s(a) = h(a) - 2*m(a). Calculate s(3).
12
Let q = 675 + -669. Let a(f) = -5*f**3 - 2*f - 8. Let t(x) = 14*x**3 + x**2 + 5*x + 23. Let z(b) = q*t(b) + 17*a(b). Determine z(3).
17
Let z(s) = -s + 5. Let t(v) = -27*v - 196. Let f(o) = -t(o) + 2*z(o). Let g be f(-8). Let m(y) = y**3 - 5*y**2 - 6*y - 8. Determine m(g).
-8
Let h(q) = -7*q**3 + 4*q**2 - 3*q - 3. Let u(r) = 2*r**3 + 895 - r**3 - 894. Let x(y) = -h(y) - 4*u(y). Suppose v + 2 - 4 = 0. Give x(v).
13
Let q(l) be the second derivative of -l**6/360 + l**5/120 - l**4/2 + 7*l**3/3 + 52*l. Let z(a) be the second derivative of q(a). Determine z(0).
-12
Let f(g) = -2*g + 6. Let k = -53 - 19. Let z = 76 + k. Suppose 40 = 12*i - z*i. Determine f(i).
-4
Let c(a) be the first derivative of 9*a**2 + a + 1. Let n(v) be the third derivative of -v**4/8 + 29*v**3/6 + v**2 + 157. Let r be n(10). Give c(r).
-17
Suppose -11*s + 65 = 10. Suppose s*j - 764 = -94. Let x(g) = -3*g + 145 - j + 4*g. Give x(-6).
5
Let y be -2 - 8*(5 - 6). Suppose -18*c = -20*c + y. Let x(b) = -3*b + 2. What is x(c)?
-7
Let l(z) be the second derivative of -z**8/6720 - 19*z**7/2520 - z**6/40 + z**5/24 - 5*z**4/2 + 121*z. Let d(b) be the third derivative of l(b). What is d(-18)?
5
Let i(m) = -m**3 + 4*m**2 + 2*m - 2. Let v be i(4). Let r(j) = 33*j + v + j**2 - 5 - 2*j**3 - 32*j. Let o = 5 + -6. Calculate r(o).
3
Let w(g) be the third derivative of -g**5/60 + g**4/24 + g**3/6 - g**2 - 236. Let n(r) = -3*r + 18. Let x be n(6). Let h be x/(6/3 + -4). Calculate w(h).
1
Suppose -4 = 4*u - 24. Let a(l) be the first derivative of l**4/4 - 5*l**3/3 + 3*l**2/2 + l - 3204. Determine a(u).
16
Let z(r) be the third derivative of r**6/120 + 3*r**5/20 + r**4/3 + 7*r**3/6 + 11*r**2. Suppose -19 = -4*f + 2*o - 47, o = 5*f + 38. Calculate z(f).
7
Suppose 4*l + 2*n = 3*l + 12, -3*l + 36 = 3*n. Let x be (-2*(-1)/6)/(l/108). Let z(h) = 4*h - 6. Determine z(x).
6
Let c(r) = -2*r**3 + 13*r**2 + 5*r - 2. Let m(z) = 199*z - 6361. Let j be m(32). Calculate c(j).
-16
Let i be 34/(-4)*(-40)/(3 + 2). Let b be -1*6/(-8) + i/16. Let u(r) = -r**3 + 4*r**2 + 7*r - 4. Calculate u(b).
6
Let t(j) be the third derivative of j**5/30 - j**4/8 - 35*j**3/6 + 158*j**2. Let r be t(-4). Let z(w) = -w + 12. What is z(r)?
3
Let w(b) = b**3 + 13*b**2 - 15*b + 3. Let n be w(-14). Let q(i) = -17*i + 50993*i**2 + 1 - 5 - 50992*i**2. Determine q(n).
-4
Let m(a) = -50*a + 4. Let j(q) = q**2 - 97*q + 947. Let u be j(86). Determine m(u).
-46
Let s(u) = -5*u - 1. Let c be (-1)/(-2)*-18*-1. Suppose -c*k + 15*k = 18. Suppose a = -2*a + k. Give s(a).
-6
Suppose -333*s + 338*s = -100. Let u be ((75/(-9))/5)/(s/24). Let z(w) = 3*w**3 - 2*w**2 + 3*w. What is z(u)?
22
Let r = 373 + -370. Suppose -5*a + b - r = 0, -a + b - 12 = -3*b. Let u(p) = 3*p + 2. What is u(a)?
2
Let j(n) = n. Let d(x) = -5*x. Let k(h) = 11*h - 1. Let i(v) = -13*d(v) - 6*k(v). Let t be 2/(7 + (-10)/2). Let o(z) = t*i(z) + 2*j(z). Determine o(-4).
2
Let y(r) = 3*r**3 + 16*r**2 + 16*r + 7. Let k(l) = -21*l**2 - 6 + 7*l**2 - 3*l**2 - 17*l - 4*l**3. Let b(j) = 2*k(j) + 3*y(j). Determine b(-13).
-4
Let l(j) = j**2 - j - 9. Let o be l(4). Suppose -f + 15 = -0*f + u, -o*u - 15 = -2*f. Let a be (-34)/14 - f/21. Let p(m) = -m**2 - 2*m - 3. What is p(a)?
-6
Let q(f) be the second derivative of f**3/2 + 31*f**2 + 962*f. What is q(-14)?
20
Let l(k) = -k**3 - 121*k**2 + 15*k - 21. Let j(y) = -y**3 - 135*y**2 + 16*y - 22. Let a(u) = -8*j(u) + 9*l(u). Determine a(-10).
17
Let r(m) = m**2 + 5*m - 9. Let n be ((-8)/(-12) - -1)/(-1) - 22/3. Determine r(n).
27
Let g = 5902 - 5898. Let d(v) = -2*v**2 + 3*v + 14. Calculate d(g).
-6
Let y(z) = -5*z**3 + 6*z**2 - 33*z - 7. Let m(r) = 14*r**3 - 16*r**2 + 92*r + 21. Let j(t) = -4*m(t) - 11*y(t). Calculate j(-3).
17
Suppose 4*m + 4*b = -24, 35*m - 62 = 43*m + b. Let x(h) = h**2 - 11*h - 5. Calculate x(m).
147
Suppose -3*w + 18 = 5*n, -2*w + 10 = 2*w + 2*n. Let y be (w - -5) + -2 + 3. Suppose -y*q + 2 = -26. Let u(t) = -t**3 + 4*t**2 + 4*t - 1. Give u(q).
15
Let f(o) = -8*o + o**3 + 8*o**2 + o**3 + 4 - 3*o**3. Suppose 398 + 669 = 186*s - 235. What is f(s)?
-3
Let l be (1 - 1) + -7 + 1. Let s(r) = 34*r - 1615 - 9*r + 1639 - 15*r - 6*r. Determine s(l).
0
Let r(t) be the third derivative of t**6/120 + t**5/10 + 7*t**4/24 + t**3/2 - 1694*t**2. Suppose 2*s - q + 22 = -4*q, -1 = -3*s + 4*q. What is r(s)?
-7
Let q(a) = a**3 + 8*a**2 - 86*a - 268. Let r be q(-3). Let z(j) = -j + 50. Give z(r).
15
Let m(d) = d**3 - 2*d**2 - 2. Let p(v) = -4*v - 2. Let g(b) = -3*b - 1. Let f = 43 + -39. Let a(o) = f*p(o) - 5*g(o). Let j be a(-5). Determine m(j).
-2
Let z(q) be the first derivative of q**3/3 - 2*q**2 - 11*q + 1. Let x be z(8). Let p(k) = 1 - 35*k + x*k + 20*k. Determine p(1).
7
Let z(o) = -94 + 7*o - 29*o - 19*o - 4*o. Determine z(-2).
-4
Let d(s) = 3 - s + 0*s - 4 - 1. Let x be ((-1)/(-2) - (-5 - -5))*12. Give d(x).
-8
Let h(d) = -2*d**3 - 32*d**2 - 44*d + 152. Let s be h(-14). Let p(f) = f**2 + 24*f - 11. What is p(s)?
-139
Let t(q) = -2*q**2 + q. Suppose -5*u - 108 = -8*u. Let j = u + -12. Suppose -j*r + 10 = -14*r. What is t(r)?
-1
Let t(a) be the first derivative of -a**3/3 + 13*a**2/2 - 30*a + 2418. What is t(11)?
-8
Let x(r) = -4*r**2 + r - 1. Suppose -8*y + 4*y = 820. Let q = y + 206. What is x(q)?
-4
Suppose -2*y = 5*s - 2*s - 5914, 3*s = -3*y + 5916. Let m(u) = 2 + 1966*u + 0 - s*u. What is m(4)?
-14
Let s = -9 - -3. Let k be 3/s + 11/(-2). Let j be k/15 + (-162)/(-30). Let b(r) = r**3 - 4*r**2 - 4*r + 3. Calculate b(j).
8
Let w(o) = -o**3 - 15*o**2 - 7*o - 30. Let c(d) = 3*d**3 + 43*d**2 + 21*d + 92. Let u(g) = 6*c(g) + 17*w(g). Determine u(-4).
-2
Let m(b) = -7*b**2 - 12*b - 5. Let o(t) = 13*t**2 + 23*t + 9. Let v(p) = p**3 - 9*p**2 - 12*p + 14. Let q be v(10). Let l(y) = q*o(y) - 11*m(y). What is l(-6)?
1
Let b(v) be the first derivative of v**4/24 - 17*v**3/6 - 41*v**2/2 + v - 63. Let t(y) be the second derivative of b(y). Give t(0).
-17
Suppose -135*k - 10 + 9 = 269. Let d(y) = 9*y**2 + 2. Calculate d(k).
38
Let a = 349 + -341. Let z(f) = 2*f - 1 - 12*f + a*f + 4*f. What is z(3)?
5
Let x be (4 - 3)/(741/228 + 1*-3). Let y(s) be the second derivative of -12*s - 1/12*s**x + 0 - s**2 + 1/3*s**3. Give y(-3).
-17
Let v(a) be the first derivative of -a**3/3 + 7*a**2/2 + 26*a + 270. Let y be v(9). Let w(z) = -z**3 - 8*z**2 + 2 - 13 - z + 2*z**3. Determine w(y).
-19
Let u = -8 - -16. Let t = -7 + u. Let b(q) = 13*q**3 - 439*q - 27*q**3 + 438*q. Give b(t).
-15
Suppose 0*m - 9 = 3*m. Let g(s) be the second derivative of -1/2*s**2 - s**3 + 2 + 10*s. Determine g(m).
17
Let b(c) = -c**3 - 9*c**2 - c - 4. Suppose -12*t - 84 = -24 + 48. Determine b(t).
5
Let n(i) = i**2 - 46*i + 86 - 42*i - 47*i + 154*i. Calculate n(-12).
2
Let a(s) be the third derivative of -s**6/120 - s**5/12 + s**4/8 + 7*s**3/6 - 1256*s**2. Calculate a(-5).
-8
Let j = -229 - -236. Let w(n) = -39*n**2 + n + j*n**3 - 1 + 18*n**2 + 22*n**2. Give 